11
Let n = 8 - 4. Let k be (-18)/n + 2/(-4). List the prime factors of (-23)/k - (-4)/10.
5
Let b = -142 + 156. What are the prime factors of b?
2, 7
Let d(a) = 4*a**2 + 7*a - 8. What are the prime factors of d(3)?
7
Let b(s) = -3 + 5*s - 2 - 2*s - 2. What are the prime factors of b(9)?
2, 5
Let h(i) be the second derivative of i**4/24 - i**3/3 + i**2 + 2*i. Let y(r) be the first derivative of h(r). List the prime factors of y(7).
5
Suppose 8*v = 5*v + 432. List the prime factors of v.
2, 3
Let b(q) = 4*q**2 + 10*q + 11. What are the prime factors of b(-7)?
137
Let w = -5 - -7. Let s(r) = r**3 - 3*r**2 + 2*r. Let x be s(2). Let a = x + w. List the prime factors of a.
2
Suppose 7*d = 4*d + 54. Suppose 62 + d = 4*s. Let i = s - 9. What are the prime factors of i?
11
Let o = 27 - -19. Let b = 80 - o. Let l = -18 + b. What are the prime factors of l?
2
Let t(l) = l**3 + 7*l**2 + 6*l - 7. Let x be t(-6). Let d be (-2)/4*(x + -3). Suppose 4*y + 4*i - 48 = 0, d*y - 18 - 24 = 4*i. What are the prime factors of y?
2, 5
Suppose 0*n = -3*n + 210. What are the prime factors of n?
2, 5, 7
Let d(a) = 7*a**3 + 2*a**2 + 3*a + 4. Let p(c) = 7*c**3 + 2*c**2 + 4*c + 5. Let h(n) = 5*d(n) - 4*p(n). List the prime factors of h(1).
2
Suppose -1 - 2 = 3*s, -22 = o + s. Let w = -10 - o. What are the prime factors of w?
11
Let o(r) = -3*r + 2. Let p(v) = -v - 1. Let s(d) = o(d) + 3*p(d). Let g be s(-1). Suppose 11 + 59 = 5*w + g*k, -2*w = -4*k - 34. List the prime factors of w.
3, 5
Suppose -d = 2*c - 23, -64 = -2*d - 2*d - c. What are the prime factors of d?
3, 5
Let f = -35 + 40. Let m = 13 - 9. Suppose 4 = -2*y, d + d = -f*y - m. List the prime factors of d.
3
Suppose n + 5*k = 4*n - 10, 3*n + 2 = -k. Suppose 5*v - 74 + 9 = n. Let s = v - 8. What are the prime factors of s?
5
Let t = -49 - -100. Suppose -4*c + c = 2*z - 51, 4*c - 3*z = t. List the prime factors of c.
3, 5
Let o(q) = q**3 - 3*q**2 + 6*q - 1. What are the prime factors of o(4)?
3, 13
Suppose -2*r + 3*v = -35, 0 = 2*r - 0*r + 3*v - 65. What are the prime factors of r?
5
Suppose -321 = -2*x - 2*c + 35, 728 = 4*x - 4*c. What are the prime factors of x?
2, 3, 5
Suppose 4*r - 352 = 8. What are the prime factors of r?
2, 3, 5
Suppose -u - 3*f - 22 = -2*u, -5*u = -4*f - 99. Let h = u + -12. List the prime factors of h.
7
Let u be (1 + 1)/(-1) + 0. What are the prime factors of 24*u*2/(-6)?
2
Suppose 0 = -4*s + 8*s - 92. Suppose -s = -4*u + 4*r + 17, 2*r - 40 = -2*u. What are the prime factors of u?
3, 5
Suppose -6 = -s - 4. Suppose 3*g - 40 = 2*j - 10, 4*j = s*g - 28. List the prime factors of g.
2
List the prime factors of (-2)/7 - 380/(-7).
2, 3
Suppose 32 = -4*y - 2*p, -2*y - 1 = 3*p + 11. Let a = 17 + y. What are the prime factors of a?
2
Let s(b) = 3*b + 1. Suppose -9 = -2*h - 4*i + 1, 5*h = -3*i + 32. List the prime factors of s(h).
2, 11
Suppose 8*d = 4*d + 244. What are the prime factors of d?
61
Let s be -3*(0 + (-9)/3). Suppose 5*t = 1 + s. What are the prime factors of t?
2
Let a = 88 + -65. What are the prime factors of a?
23
Let q be 2/((-28)/12 + 3). Suppose q*w = -5 + 26. List the prime factors of w.
7
Let s(o) = 2*o**2 + 14*o + 13. What are the prime factors of s(-9)?
7
What are the prime factors of -1 + 39 - 3/3?
37
Let l be 12/(-20) - 77/5. What are the prime factors of 0 + 24 - l/(-8)?
2, 11
Suppose 2*k + 2*f = 226, 4*k + 2*f - 284 - 174 = 0. List the prime factors of k.
2, 29
Let i = -202 + 337. What are the prime factors of i?
3, 5
Let a(d) = 3*d + 0 - 1 + 0*d**3 + 2*d**3 - 1 - 5*d**2. Let s be a(3). Suppose -4*u + 6*u = s. List the prime factors of u.
2
Suppose 3*r - 25 = -2*r. Suppose 3*d + r*a - 39 = 0, 0 = 4*d - 9*d - 3*a + 65. List the prime factors of d.
13
Suppose 5*q - 2*q - 11 = -g, q = -3*g - 7. Suppose -18 = -y + 3*r + 2*r, q*r = -5. List the prime factors of y.
13
Let q(y) = -3*y + 3. Let o be q(8). Let k = o - -29. What are the prime factors of k?
2
Suppose -13*l + 8*l + 90 = 0. What are the prime factors of l?
2, 3
Suppose -4*g - 142 = -2*p, -4 + 5 = -g. What are the prime factors of p?
3, 23
Let a = 8 - 18. Let c = a + 25. What are the prime factors of c?
3, 5
Let c = 20 + -7. What are the prime factors of c?
13
Let n(g) = -14*g + 6. List the prime factors of n(-7).
2, 13
Suppose 3*r = -4*h + 20 + 4, -4*h = -3*r. Suppose -5*m + 3*m - 14 = 3*v, 2*v + h*m + 16 = 0. What are the prime factors of v*(2 + 13/(-2))?
3
Suppose -k + 2 = -3*k. Let m = 8 - k. What are the prime factors of m?
3
Let d(t) = -t**3 + 13*t**2 - 16*t + 8. List the prime factors of d(8).
2, 5
Let r(u) = -2*u - 4. Let t be r(8). Suppose -5*v + v = 12. What are the prime factors of 2/(-3) + t/v?
2, 3
Let b be 4/10 + 86/10. Let s be ((-4)/(-1))/(6/b). Let p = s + -3. What are the prime factors of p?
3
Suppose 5*w = 289 + 441. List the prime factors of w.
2, 73
Suppose 2*s = s. Suppose -3*f + 6*f + 48 = s. Let q = 24 + f. What are the prime factors of q?
2
Let n = -131 + 53. Let o = 137 + n. Suppose 3*k + 5*s = -0*s + o, -4*s = k - 29. What are the prime factors of k?
13
Let r be (0 + 0)*(-3)/(-6). Suppose 5*m + 9 - 69 = r. What are the prime factors of m?
2, 3
Let k = 24 + -20. List the prime factors of -9*k/(36/(-21)).
3, 7
Let z(d) be the first derivative of -d**4/4 - d**3/3 - d**2 - d - 1. Let y be z(-1). Suppose -3*w = -4*c + y, 4*c = -0*c + 16. List the prime factors of w.
5
Let z = 16 - 14. What are the prime factors of z/(372/92 + -4)?
2, 23
Suppose -2*w + 3 = -d, w = 5*d + 1 + 14. Let s(u) = -u - 1. Let g(n) = 2*n - 11. Let y(h) = -g(h) - 3*s(h). What are the prime factors of y(w)?
2, 7
Let m = 7 - -4. What are the prime factors of m?
11
Suppose 5*f + 50 = -4*y, -5*f - 3*y + y - 40 = 0. Let m be (-3 - f)/(1/1). List the prime factors of 8/3*(m + 0).
2
Let u = 31 - 0. List the prime factors of u.
31
Let z be 2/8 + (-9)/4. Let m = z + 6. Suppose -2*r = -m - 8. List the prime factors of r.
2, 3
Suppose -3*l + 5 = w, -4*l + 67 = 5*w - 3*l. Let p be (4/4 + -13)*15/(-9). Let z = p - w. What are the prime factors of z?
2, 3
Let w be ((-6)/9)/((-2)/(-36)). Let u be (6/w)/(2/24). What are the prime factors of 135/u*2/(-3)?
3, 5
Suppose 5*x + 0*w - 86 = -w, 16 = -4*w. What are the prime factors of x?
2, 3
Let w(z) = 4*z**2 - 4*z - 10. Let v be w(-4). Suppose a - b = 24, 6 = -4*a - 4*b + v. List the prime factors of a.
2, 5
Suppose -5*m + 192 = 2*i, 4*m + 3*i - 96 - 59 = 0. What are the prime factors of m?
2, 19
Suppose -d + 0*d = -41. Let g = -26 + d. Let x = g - 0. List the prime factors of x.
3, 5
Let y = 175 - 89. List the prime factors of y.
2, 43
Let z = 3 - 3. Let p(b) = -b**2 + 5*b + 5. Let r be p(5). Let v = r + z. What are the prime factors of v?
5
Suppose x - 35 = -5*g, 3 = g + x - 8. Suppose 0 = -3*d - g + 99. List the prime factors of d.
31
Suppose 2*o + 8 = 0, k + 2*o + 12 = -0*k. Let i be 45/4 - (-3)/(-12). What are the prime factors of i + 3 + (k - -3)?
13
Let h(a) = 79*a + 4. What are the prime factors of h(2)?
2, 3
Suppose 3*z + 0*z - 3*u = 126, 2*z = 4*u + 80. What are the prime factors of z?
2, 11
Let j(z) = z**3 + 4*z**2 - z + 1. List the prime factors of j(-3).
13
Suppose -5*o + 12 = -4*y, -o - 3*y = 2*y - 14. Suppose 0 = a - o - 8. List the prime factors of a.
2, 3
Suppose 2*f = -f - 12, -2*z + 20 = -3*f. Let j(c) = c**2 - 3*c - 5. Let g be j(z). Let l(r) = -3*r**3 + 1. What are the prime factors of l(g)?
2
Let q be ((8 - 2) + -3)/1. Suppose 5*v - 38 = -q. List the prime factors of v.
7
Suppose 0 = 2*d - 5*j - 209, -d - 2*j - 2*j + 137 = 0. What are the prime factors of d?
3, 13
Let t(m) = 7*m - 37. What are the prime factors of t(21)?
2, 5, 11
Let s(m) = m**2 - 3*m + 3. Let w(i) = -i**2 + 2*i - 3. Let b(j) = -4*s(j) - 5*w(j). Let n be b(-4). Suppose 5*v - 44 = n. What are the prime factors of v?
11
Let r(t) = t**2 - 6*t - 12. Let x be r(-8). Suppose 3*s = 8*s - x. What are the prime factors of s?
2, 5
Let l = 25 + -18. List the prime factors of (-200)/(-14) - 2/l.
2, 7
Suppose 0*o = -4*o + 8. List the prime factors of (-1)/o - (-154)/28.
5
Suppose -2*m - 2*g - 8 = 8, 0 = 4*m + g + 20. Let u be (-6 + m)/((-1)/(-2)). What are the prime factors of 1*-5*64/u?
2
Let g(v) = -27*v - 13. What are the prime factors of g(-2)?
41
Let s(u) = -u**2 + 3*u + 5. Let m be s(4). Let h(o) = 27*o**3 - 2*o